{"id":300,"date":"2020-09-22T10:53:33","date_gmt":"2020-09-22T08:53:33","guid":{"rendered":"https:\/\/www.lufo-info-day.de\/?page_id=300"},"modified":"2025-04-04T14:40:48","modified_gmt":"2025-04-04T12:40:48","slug":"liste-der-forschungsthemen","status":"publish","type":"page","link":"https:\/\/www.kmu-beratung-luftfahrt.de\/index.php\/liste-der-forschungsthemen\/","title":{"rendered":"Liste von aktuellen Forschungsthemen"},"content":{"rendered":"\t\t<div data-elementor-type=\"wp-page\" data-elementor-id=\"300\" class=\"elementor elementor-300\" data-elementor-post-type=\"page\">\n\t\t\t\t<div class=\"elementor-element elementor-element-444d9f44 e-flex e-con-boxed e-con e-parent\" data-id=\"444d9f44\" data-element_type=\"container\">\n\t\t\t\t\t<div class=\"e-con-inner\">\n\t\t\t\t<div class=\"elementor-element elementor-element-153bb88 elementor-widget elementor-widget-spacer\" data-id=\"153bb88\" data-element_type=\"widget\" data-widget_type=\"spacer.default\">\n\t\t\t\t<div class=\"elementor-widget-container\">\n\t\t\t\t\t\t\t<div class=\"elementor-spacer\">\n\t\t\t<div class=\"elementor-spacer-inner\"><\/div>\n\t\t<\/div>\n\t\t\t\t\t\t<\/div>\n\t\t\t\t<\/div>\n\t\t\t\t<div class=\"elementor-element elementor-element-48f1c94 elementor-widget elementor-widget-text-editor\" data-id=\"48f1c94\" data-element_type=\"widget\" data-widget_type=\"text-editor.default\">\n\t\t\t\t<div class=\"elementor-widget-container\">\n\t\t\t\t\t\t\t\t\t<h2>Liste von aktuellen Forschungsthemen<\/h2>\n<p>Anbei finden Sie einen Auszug der Themen, die aktuell in der Luftfahrtforschung behandelt werden:<\/p>\t\t\t\t\t\t\t\t<\/div>\n\t\t\t\t<\/div>\n\t\t\t\t<div class=\"elementor-element elementor-element-83e4fb7 elementor-widget elementor-widget-text-editor\" data-id=\"83e4fb7\" data-element_type=\"widget\" data-widget_type=\"text-editor.default\">\n\t\t\t\t<div class=\"elementor-widget-container\">\n\t\t\t\t\t\t\t\t\t<h4>a. Nachhaltige Luftfahrt-Brennstoffe<\/h4>\n<ul>\n<li>Drop-In Brennstoffe<\/li>\n<li>Near-Drop-In Brennstoffe<\/li>\n<li>Non-Drop-In Brennstoffe<\/li>\n<\/ul>\n<h4>b. Klimaneutraler und effizienter Flug : Antriebskonzepte<\/h4>\n<ul>\n<li>Weiterentwicklung\/ Revolution\u00e4re Turbomaschine<\/li>\n<li>Elektrisches Fliegen<\/li>\n<li>Batterie-elektrisch<\/li>\n<li>Turbo-hybrid-elektrisch<\/li>\n<li>Brennstoffzelle<\/li>\n<\/ul>\n<h4>c. Konfiguration<\/h4>\n<ul>\n<li>Konfiguration Flugzeug<\/li>\n<li>Konfiguration Hubschrauber<\/li>\n<\/ul>\n<h4>d. Systeme<\/h4>\n<ul>\n<li>More\/All Electric Aircraft: Energiesysteme<\/li>\n<li>More\/All Electric Aircraft: Elektrischer Fl\u00fcgel und Rotor<\/li>\n<li>More\/All Electric Aircraft: Elektrische Klimaanlage<\/li>\n<li>More\/All Electric Aircraft: Fahrwerksantriebe<\/li>\n<li>Systeme f\u00fcr effizienten Betrieb<\/li>\n<li>Flugsteuerung<\/li>\n<li>Generische Bordelektronik<\/li>\n<li>Cockpit\/Piloten Funktion<\/li>\n<li>Modellbasierte Systementwicklung f\u00fcr einen robusten Systementwurf auf Flugzeugebene<\/li>\n<li>Flugsystemtechnik f\u00fcr Unbemannte Systeme<\/li>\n<\/ul>\n<h4>e. Kabine und Fracht<\/h4>\n<ul>\n<li>Kabinen Management Systeme und Datenkommunikation<\/li>\n<li>Wasser- und Abwassersysteme<\/li>\n<li>Passagierkabinen Luftverteilungssysteme<\/li>\n<li>Umweltfreundliche Feuerl\u00f6schkomplettsysteme<\/li>\n<li>Entkoppelte Kabine<\/li>\n<li>Kabinensicherheit<\/li>\n<li>Passagier-Kabinen, Umwelt und Interaktion<\/li>\n<li>Kabinen Interiors<\/li>\n<\/ul>\n<h4>f. Flugf\u00fchrung<\/h4>\n<ul>\n<li>Bordseitige Flugf\u00fchrung<\/li>\n<li>Luftverkehrsmanagement (ATM-Air Traffic Management)<\/li>\n<li>Integration neuer Mobilt\u00e4tskonzepte<\/li>\n<\/ul>\n<h4>g. Neue Konzepte f\u00fcr Mobilit\u00e4t und Dienstleistungen in der Luftfahrt<\/h4>\n<ul>\n<li>Urban Air Mobility<\/li>\n<li>Unmanned Aircraft Systems<\/li>\n<\/ul>\n<h4>h. Effiziente Produktion, nachhaltig und digital<\/h4>\n<ul>\n<li>Die gr\u00fcne Fabrik<\/li>\n<li>Leichtbaupotenziale der Zukunft<\/li>\n<li>Additive Fertigung<\/li>\n<li>Vernetzte, digitale Supply Chain<\/li>\n<li>Nachhaltige Werkstoffe<\/li>\n<li>Bio-basierte Materialien<\/li>\n<li>Kreislaufwirtschaft (Circular Economy)<\/li>\n<li>Life Cycle Analysis (LCA)<\/li>\n<li>Materialien mit neuen Funktionalit\u00e4ten f\u00fcr zuk\u00fcnftige Anforderungen<\/li>\n<li>Metallische Werkstoffe und metallische Hochtemperaturwerkstoffe<\/li>\n<\/ul>\n<h4>i. Operationelle Effizienz und Services<\/h4>\n<ul>\n<li>Predictive Maintenance\/ Vorbeugende Instandhaltung: Vorhersagemodelle und -verfahren<\/li>\n<li>Predictive Maintenance\/ Vorbeugende Instandhaltung: Datenquellen und Konzepte<\/li>\n<li>Innovative Wartung<\/li>\n<li>Effizienter Flugbetrieb<\/li>\n<li>Data Based Services\/ Digitale Instandhaltungsprodukte und \u2013 verfahren<\/li>\n<li>KI basierte Digitalisierungsprozesse<\/li>\n<\/ul>\n<h4>j. Cyber Security f\u00fcr den kompletten Lebenszyklus<\/h4>\n<ul>\n<li>Cyber Security f\u00fcr Entwicklung<\/li>\n<li>Cyber Security f\u00fcr Herstellung<\/li>\n<li>Cyber Security f\u00fcr Betrieb<\/li>\n<li>Cyber Security f\u00fcr Sichere Zuk\u00fcnftige CNS Systeme<\/li>\n<\/ul>\n<h4>k. Neue Querschnittstechnologien und Digitalisierung in der Luftfahrt<\/h4>\n<ul>\n<li>Quantencomputing, -Kommunikation und -Sensorik<\/li>\n<li>K\u00fcnstliche Intelligenz<\/li>\n<li>Virtuelles Produkt und Digitaler Zwilling<\/li>\n<li>Digitaler Faden und Datenmanagement<\/li>\n<li>Digitale Assistenzsysteme in der Entwicklung, Produktion und Wartung<\/li>\n<li>Digitale Assistenzsysteme in der Fort- und Weiterbildung<\/li>\n<\/ul>\t\t\t\t\t\t\t\t<\/div>\n\t\t\t\t<\/div>\n\t\t\t\t<div class=\"elementor-element elementor-element-bba3173 elementor-align-center elementor-widget elementor-widget-button\" data-id=\"bba3173\" data-element_type=\"widget\" data-widget_type=\"button.default\">\n\t\t\t\t<div class=\"elementor-widget-container\">\n\t\t\t\t\t\t\t\t\t<div class=\"elementor-button-wrapper\">\n\t\t\t\t\t<a class=\"elementor-button elementor-button-link elementor-size-sm\" href=\"https:\/\/www.kmu-beratung-luftfahrt.de\/index.php\/forschungsthemen\/\">\n\t\t\t\t\t\t<span class=\"elementor-button-content-wrapper\">\n\t\t\t\t\t\t\t\t\t<span class=\"elementor-button-text\">Zur\u00fcck<\/span>\n\t\t\t\t\t<\/span>\n\t\t\t\t\t<\/a>\n\t\t\t\t<\/div>\n\t\t\t\t\t\t\t\t<\/div>\n\t\t\t\t<\/div>\n\t\t\t\t<div class=\"elementor-element elementor-element-dc1e09b elementor-widget elementor-widget-spacer\" data-id=\"dc1e09b\" data-element_type=\"widget\" data-widget_type=\"spacer.default\">\n\t\t\t\t<div class=\"elementor-widget-container\">\n\t\t\t\t\t\t\t<div class=\"elementor-spacer\">\n\t\t\t<div class=\"elementor-spacer-inner\"><\/div>\n\t\t<\/div>\n\t\t\t\t\t\t<\/div>\n\t\t\t\t<\/div>\n\t\t\t\t\t<\/div>\n\t\t\t\t<\/div>\n\t\t\t\t<\/div>\n\t\t","protected":false},"excerpt":{"rendered":"<p>Liste von aktuellen Forschungsthemen Anbei finden Sie einen Auszug der Themen, die aktuell in der Luftfahrtforschung behandelt werden: a. Nachhaltige Luftfahrt-Brennstoffe Drop-In Brennstoffe Near-Drop-In Brennstoffe Non-Drop-In Brennstoffe b. Klimaneutraler und effizienter Flug : Antriebskonzepte Weiterentwicklung\/ Revolution\u00e4re Turbomaschine Elektrisches Fliegen Batterie-elektrisch Turbo-hybrid-elektrisch Brennstoffzelle c. Konfiguration Konfiguration Flugzeug Konfiguration Hubschrauber d. Systeme More\/All Electric Aircraft: Energiesysteme More\/All [&hellip;]<\/p>\n","protected":false},"author":1,"featured_media":0,"parent":0,"menu_order":0,"comment_status":"closed","ping_status":"closed","template":"","meta":{"site-sidebar-layout":"default","site-content-layout":"content-boxed-container","ast-site-content-layout":"default","site-content-style":"default","site-sidebar-style":"unboxed","ast-global-header-display":"","ast-banner-title-visibility":"","ast-main-header-display":"","ast-hfb-above-header-display":"","ast-hfb-below-header-display":"","ast-hfb-mobile-header-display":"","site-post-title":"","ast-breadcrumbs-content":"","ast-featured-img":"","footer-sml-layout":"","theme-transparent-header-meta":"default","adv-header-id-meta":"","stick-header-meta":"default","header-above-stick-meta":"","header-main-stick-meta":"","header-below-stick-meta":"","astra-migrate-meta-layouts":"set","ast-page-background-enabled":"default","ast-page-background-meta":{"desktop":{"background-color":"","background-image":"","background-repeat":"repeat","background-position":"center center","background-size":"auto","background-attachment":"scroll","background-type":"","background-media":"","overlay-type":"","overlay-color":"","overlay-opacity":"","overlay-gradient":""},"tablet":{"background-color":"","background-image":"","background-repeat":"repeat","background-position":"center center","background-size":"auto","background-attachment":"scroll","background-type":"","background-media":"","overlay-type":"","overlay-color":"","overlay-opacity":"","overlay-gradient":""},"mobile":{"background-color":"","background-image":"","background-repeat":"repeat","background-position":"center center","background-size":"auto","background-attachment":"scroll","background-type":"","background-media":"","overlay-type":"","overlay-color":"","overlay-opacity":"","overlay-gradient":""}},"ast-content-background-meta":{"desktop":{"background-color":"var(--ast-global-color-5)","background-image":"","background-repeat":"repeat","background-position":"center center","background-size":"auto","background-attachment":"scroll","background-type":"","background-media":"","overlay-type":"","overlay-color":"","overlay-opacity":"","overlay-gradient":""},"tablet":{"background-color":"var(--ast-global-color-5)","background-image":"","background-repeat":"repeat","background-position":"center center","background-size":"auto","background-attachment":"scroll","background-type":"","background-media":"","overlay-type":"","overlay-color":"","overlay-opacity":"","overlay-gradient":""},"mobile":{"background-color":"var(--ast-global-color-5)","background-image":"","background-repeat":"repeat","background-position":"center center","background-size":"auto","background-attachment":"scroll","background-type":"","background-media":"","overlay-type":"","overlay-color":"","overlay-opacity":"","overlay-gradient":""}},"iawp_total_views":30,"footnotes":""},"class_list":["post-300","page","type-page","status-publish","hentry"],"publishpress_future_action":{"enabled":false,"date":"2026-04-20 03:22:08","action":"change-status","newStatus":"draft","terms":[],"taxonomy":"","extraData":[]},"publishpress_future_workflow_manual_trigger":{"enabledWorkflows":[]},"_links":{"self":[{"href":"https:\/\/www.kmu-beratung-luftfahrt.de\/index.php\/wp-json\/wp\/v2\/pages\/300","targetHints":{"allow":["GET"]}}],"collection":[{"href":"https:\/\/www.kmu-beratung-luftfahrt.de\/index.php\/wp-json\/wp\/v2\/pages"}],"about":[{"href":"https:\/\/www.kmu-beratung-luftfahrt.de\/index.php\/wp-json\/wp\/v2\/types\/page"}],"author":[{"embeddable":true,"href":"https:\/\/www.kmu-beratung-luftfahrt.de\/index.php\/wp-json\/wp\/v2\/users\/1"}],"replies":[{"embeddable":true,"href":"https:\/\/www.kmu-beratung-luftfahrt.de\/index.php\/wp-json\/wp\/v2\/comments?post=300"}],"version-history":[{"count":0,"href":"https:\/\/www.kmu-beratung-luftfahrt.de\/index.php\/wp-json\/wp\/v2\/pages\/300\/revisions"}],"wp:attachment":[{"href":"https:\/\/www.kmu-beratung-luftfahrt.de\/index.php\/wp-json\/wp\/v2\/media?parent=300"}],"curies":[{"name":"wp","href":"https:\/\/api.w.org\/{rel}","templated":true}]}}