{"id":18,"date":"2020-09-07T16:44:24","date_gmt":"2020-09-07T14:44:24","guid":{"rendered":"https:\/\/www.lufo-info-day.de\/?page_id=18"},"modified":"2026-04-13T12:07:33","modified_gmt":"2026-04-13T10:07:33","slug":"impressum","status":"publish","type":"page","link":"https:\/\/www.kmu-beratung-luftfahrt.de\/index.php\/impressum\/","title":{"rendered":"Impressum \/ Er\u00adkl\u00e4\u00adrung zur Bar\u00adrie\u00adre\u00adfrei\u00adheit"},"content":{"rendered":"\t\t<div data-elementor-type=\"wp-page\" data-elementor-id=\"18\" class=\"elementor elementor-18\" data-elementor-post-type=\"page\">\n\t\t\t\t<div class=\"elementor-element elementor-element-147cb04 e-flex e-con-boxed e-con e-parent\" data-id=\"147cb04\" data-element_type=\"container\">\n\t\t\t\t\t<div class=\"e-con-inner\">\n\t\t\t\t<div class=\"elementor-element elementor-element-76041ef elementor-widget elementor-widget-spacer\" data-id=\"76041ef\" data-element_type=\"widget\" data-widget_type=\"spacer.default\">\n\t\t\t\t<div class=\"elementor-widget-container\">\n\t\t\t\t\t\t\t<div class=\"elementor-spacer\">\n\t\t\t<div class=\"elementor-spacer-inner\"><\/div>\n\t\t<\/div>\n\t\t\t\t\t\t<\/div>\n\t\t\t\t<\/div>\n\t\t\t\t<div class=\"elementor-element elementor-element-5c86404a elementor-widget elementor-widget-text-editor\" data-id=\"5c86404a\" data-element_type=\"widget\" data-widget_type=\"text-editor.default\">\n\t\t\t\t<div class=\"elementor-widget-container\">\n\t\t\t\t\t\t\t\t\t<h2><span style=\"font-size: 2rem; font-family: var( --e-global-typography-text-font-family ), Sans-serif; text-align: var(--text-align);\">Impressum gem. \u00a7 5 Digitale-Dienste-Gesetz und \u00a7 18 Abs. 2 Medienstaatsvertrag<\/span><\/h2>\n<p><!-- \/wp:heading --><!-- wp:paragraph --><\/p>\n<p>Deutsches Zentrum f\u00fcr Luft- und Raumfahrt e. V. (DLR)<br \/>Linder H\u00f6he<br \/>51147 K\u00f6ln<\/p>\n<p><!-- \/wp:paragraph --><!-- wp:paragraph --><\/p>\n<p>Telefon: +49 2203 601-0<br \/>Telefax: +49 2203 67310<br \/>E-Mail: contact-dlr [at] dlr.de<br \/>WWW: https:\/\/www.dlr.de<\/p>\n<p><!-- \/wp:paragraph --><!-- wp:paragraph --><\/p>\n<p>Gesetzlicher Vertreter des DLR ist der Vorstand, bestehend aus Prof. Dr.-Ing. Anke Kaysser-Pyzalla (Vorsitzende des Vorstands), St\u00e9phane Beemelmans (Stellvertretender Vorsitzender des Vorstands), Prof. Dr.-Ing. Karsten Lemmer und Dr.-Ing. Walther Pelzer.<\/p>\n<p><!-- \/wp:paragraph --><!-- wp:paragraph --><\/p>\n<p>Sitz des Vorstands:<br \/>Deutsches Zentrum f\u00fcr Luft- und Raumfahrt (DLR), Linder H\u00f6he, 51147 K\u00f6ln.<\/p>\n<p><!-- \/wp:paragraph --><!-- wp:paragraph --><\/p>\n<p>Der Vorstand kann auch durch von ihm erm\u00e4chtigte Personen vertreten werden. Ausk\u00fcnfte \u00fcber den Umfang der Erm\u00e4chtigung erteilt die Leitung der Abteilung Allgemeine Rechtsangelegenheiten des DLR, Linder H\u00f6he, 51147 K\u00f6ln.<\/p>\n<p><!-- \/wp:paragraph --><!-- wp:paragraph --><\/p>\n<p>Registergericht \/ Registernummer:<br \/>Amtsgericht Bonn, VR 2780<\/p>\n<p><!-- \/wp:paragraph --><!-- wp:paragraph --><\/p>\n<p>Umsatzsteuer-Identifikationsnummer:<br \/>DE 121965658<\/p>\n<p><!-- \/wp:paragraph --><!-- wp:paragraph --><\/p>\n<p><strong>Verantwortliche\/r nach \u00a7 18 Abs. 2 Medienstaatsvertrag:<\/strong><br \/><a href=\"mailto:kontakt-pt-lf@dlr.de\">Jan Bode<\/a>, Leiter Projekttr\u00e4ger Luftfahrtforschung<\/p>\n<p><!-- \/wp:paragraph --><!-- wp:paragraph --><\/p>\n<p>Das Portal <a href=\"http:\/\/www.kmu-beratung-luftfahrt.de\">www.kmu-beratung-luftfahrt.de<\/a> wird betreut durch:<br \/>Deutsches Zentrum f\u00fcr Luft- und Raumfahrt (DLR)<br \/>Projekttr\u00e4ger Luftfahrtforschung und -technologie im Auftrag des BMWi<br \/>K\u00f6nigswinterer Str. 522-524<br \/>53227 Bonn<br \/>Telefon: +49 228 447-661<br \/>E-Mail: kontakt-pt-lf@dlr.de<br \/>WWW: https:\/\/www.dlr.de\/pt-lf\/<\/p>\n<p><!-- \/wp:paragraph --><!-- wp:paragraph --><\/p>\n<p>Redaktion:<br \/><a href=\"mailto:kontakt-pt-lf@dlr.de\">Jan Bode<\/a>, Leiter Projekttr\u00e4ger Luftfahrtforschung<\/p>\n<p><!-- \/wp:paragraph --><!-- wp:paragraph --><\/p>\n<p>Inhaltlich verantwortlich:<br \/><a href=\"mailto:kontakt-pt-lf@dlr.de\">Jan Bode<\/a>, Leiter Projekttr\u00e4ger Luftfahrtforschung<\/p>\n<p><!-- \/wp:paragraph --><!-- wp:paragraph --><\/p>\n<p id=\"bildnachweise\"><strong>Haftungs des DLR f\u00fcr die eigenen Inhalte<\/strong><\/p>\n<p><!-- \/wp:paragraph --><!-- wp:paragraph --><\/p>\n<p>Sofern das DLR \u201eeigene Inhalte\u201c (Informationen, Software oder Dokumentation) im vorliegenden Internetangebot auf [<em>Internet-Adresse der Startseite des \u00f6ffentlichen Internet-Angebots<\/em>,\u00a0<em>bei Apps die Angabe \u201edie in [App-Name]\u201c verwenden<\/em>] kostenlos zur Nutzung bereit stellt, ist die Haftung f\u00fcr Sach- und Rechtsm\u00e4ngel der DLR eigenen Inhalte, insbesondere f\u00fcr deren Richtigkeit, Fehlerfreiheit, Freiheit von Schutz- und Urheberrechten Dritter, Vollst\u00e4ndigkeit und\/oder Verwendbarkeit \u2013 au\u00dfer bei Vorsatz und grober Fahrl\u00e4ssigkeit \u2013 ausgeschlossen.<\/p>\n<p><!-- \/wp:paragraph --><!-- wp:paragraph --><\/p>\n<p><strong>Haftung f\u00fcr fremde verlinkte Inhalte<\/strong><\/p>\n<p><!-- \/wp:paragraph --><!-- wp:paragraph --><\/p>\n<p>Von diesen eigenen Inhalten sind Querverweise bzw. Hyperlinks (\u201eLinks\u201c) auf die von anderen Anbietern bereitgehaltenen Inhalte zu unterscheiden. Durch den Hyperlink h\u00e4lt das DLR insofern \u201efremde Inhalte\u201c zur Nutzung bereit, die durch den Hinweis \u201e[extern]\u201coder den Link entsprechend gekennzeichnet sind. Diese fremden Inhalte wurden bei der erstmaligen Link-Setzung daraufhin \u00fcberpr\u00fcft, ob durch sie eine m\u00f6gliche zivilrechtliche oder strafrechtliche Verantwortlichkeit ausgel\u00f6st wird. Es ist jedoch nicht auszuschlie\u00dfen, dass die Inhalte im Nachhinein von den jeweiligen Anbietern ver\u00e4ndert werden. Das DLR \u00fcberpr\u00fcft die Inhalte, auf die es in seinem Angebot verweist, nicht st\u00e4ndig auf Ver\u00e4nderungen, die eine Verantwortlichkeit neu begr\u00fcnden k\u00f6nnten. Sollten Sie der Ansicht sein, dass die verlinkten externen Seiten gegen geltendes Recht versto\u00dfen oder sonst unangemessene Inhalte haben, so teilen Sie uns dies bitte mit.<\/p>\n<p><!-- \/wp:paragraph --><!-- wp:paragraph --><\/p>\n<p><strong>Technische Betreuung<\/strong>:<\/p>\n<p><!-- \/wp:paragraph --><!-- wp:paragraph --><\/p>\n<p>E-Mail: dlr-infomaster [at] dlr.de<\/p>\n<p><!-- \/wp:paragraph --><!-- wp:paragraph --><\/p>\n<p><strong>Bildnachweise<\/strong><\/p>\n<p><!-- \/wp:paragraph --><!-- wp:paragraph --><\/p>\n<p>Startseite: Beratung f\u00fcr KMU in der Luftfahrtforschung<br \/>Bild 1: DLR<br \/>Bild 2: MTU Aero Engines<br \/>Bild 3: DLR<br \/>Bild 4: Kalender mit Freiraum f\u00fcr Text &#8211; \u00a9Wellnhofer Designs &#8211; stock.adobe.com<br \/>Bild 5: Waving EU flags in front of European Commission in Brussels &#8211; \u00a9Grecaud Paul &#8211; stock.adobe.com<br \/>Bild 6: DLR, CC BY-NC-ND 3.0<br \/>Bild 7: BDLI<br \/>Bild 8: Two business men on meeting &#8211; \u00a9bnenin &#8211; stock.adobe.com<br \/>Bild 9: DLR<\/p>\n<p><!-- \/wp:paragraph --><!-- wp:paragraph --><\/p>\n<p>Seite Forschungsthemen:<br \/>Bild 1: Plane and battery on dark wooden background. \u00a9Adamchuk &#8211; stock.adobe.com<\/p>\n<p><!-- \/wp:paragraph --><!-- wp:paragraph --><\/p>\n<p>Seite F\u00f6rdermittelberatung:<br \/>Bild 1: Business team connect pieces of gears. &#8211; \u00a9alphaspirit &#8211; stock.adobe.com<br \/>Bild 2: DLR<br \/>Bild 3: delivery drone flying in city &#8211; \u00a9phonlamaiphoto &#8211; stock.adobe.com<br \/>Bild 4: DLR<\/p>\n<p><!-- \/wp:paragraph --><!-- wp:paragraph --><\/p>\n<p>Seite Matchmaking:<br \/>Bild 1: \u00a9vegefox.com &#8211; stock.adobe.com<\/p>\n<p><!-- \/wp:paragraph --><!-- wp:paragraph --><\/p>\n<p>Seite \u00dcber uns:<br \/>Bild 1: DLR<br \/>Bild 2: MTU Aero Engines<br \/>Bild 3: BDLI<br \/>Bild 4: DLR<br \/>Bild 5: Kalender mit Freiraum f\u00fcr Text &#8211; \u00a9Wellnhofer Designs &#8211; stock.adobe.com<br \/>Bild 6: Waving EU flags in front of European Commission in Brussels &#8211; \u00a9Grecaud Paul &#8211; stock.adobe.com<br \/>Bild 7: DLR, CC BY-NC-ND 3.0<\/p>\n<p><!-- \/wp:paragraph --><!-- wp:paragraph --><\/p>\n<p>Seite Kontakt: DLR<\/p>\n<p><!-- \/wp:paragraph --><!-- wp:paragraph --><\/p>\n<p>Seite Aktuelles: \u00a9Alva Steury &#8211; stock.adobe.com<\/p>\n<p><!-- \/wp:paragraph --><!-- wp:paragraph --><\/p>\n<p><strong>Nutzungsbedingungen f\u00fcr DLR-Bild- und Videomaterial<\/strong><\/p>\n<p><!-- \/wp:paragraph --><!-- wp:paragraph --><\/p>\n<p>Die Rechte aller auf dieser Website verwendeten Bilder und Videos liegen, sofern nicht anders angegeben, beim Deutschen Zentrum f\u00fcr Luft- und Raumfahrt e.V. (DLR).<\/p>\n<p><!-- \/wp:paragraph --><!-- wp:paragraph --><\/p>\n<p>Sofern ausdr\u00fccklich angegeben (z.B. unter &#8222;Informationen&#8220; zum jeweiligen Werk), stehen Bilder und Videos des DLR unter einer <a href=\"https:\/\/creativecommons.org\/licenses\/by-nc-nd\/3.0\/de\/\" target=\"_blank\" rel=\"noreferrer noopener\">Creative-Commons-Lizenz CC BY-NC-ND 3.0. Deutschland<\/a>. Das hei\u00dft, Sie d\u00fcrfen das Werk bzw. den Inhalt vervielf\u00e4ltigen, verbreiten und \u00f6ffentlich zug\u00e4nglich machen, jedoch keine Abwandlungen und Bearbeitungen des Werkes bzw. Inhaltes anfertigen oder das jeweilige Werk kommerziell nutzen. Bei Verwendung ist das DLR wie folgt ausdr\u00fccklich und gut lesbar zu nennen. Beispiele: &#8222;Bild: DLR, CC BY-NC-ND 3.0&#8220;, &#8222;Bilder: DLR, CC BY-NC-ND 3.0&#8220;, &#8222;Video: DLR, CC BY-NC-ND 3.0&#8220;.<\/p>\n<p><!-- \/wp:paragraph --><!-- wp:paragraph --><\/p>\n<p>Die Lizenz hat keinerlei Einfluss auf die folgenden Rechte:<\/p>\n<p><!-- \/wp:paragraph --><!-- wp:paragraph --><\/p>\n<p>Die Rechte, die jedermann wegen der Schranken des Urheberrechts oder aufgrund gesetzlicher Erlaubnisse zustehen (in einigen L\u00e4ndern als grunds\u00e4tzliche Doktrin des fair use etabliert); Das Urheberpers\u00f6nlichkeitsrecht des Rechteinhabers; Rechte anderer Personen, entweder am Lizenzgegenstand selber oder bez\u00fcglich seiner Verwendung, zum Beispiel Pers\u00f6nlichkeitsrechte abgebildeter Personen.<\/p>\n<p><!-- \/wp:paragraph --><!-- wp:paragraph --><\/p>\n<p><strong>Hinweis:<\/strong> Im Falle einer Verbreitung m\u00fcssen Sie anderen alle Lizenzbedingungen mitteilen, die f\u00fcr dieses Werk gelten. Ausf\u00fchrliche Informationen und den rechtsverbindlichen Lizenzvertrag finden Sie <a href=\"https:\/\/creativecommons.org\/licenses\/by-nc-nd\/3.0\/de\/legalcode\" target=\"_blank\" rel=\"noreferrer noopener\">hier<\/a>.<\/p>\n<p><!-- \/wp:paragraph --><!-- wp:paragraph --><\/p>\n<p>Bilder und Videos des DLR, die keinen entsprechenden Hinweis auf CC BY-NC-ND 3.0 besitzen und nur auf das DLR als Quelle hinweisen (Beispiele: &#8222;Bild: DLR&#8220;, &#8222;Video: DLR&#8220;), stehen nicht unter CC-Lizenz. Diese Bilder d\u00fcrfen bei Nennung des DLR f\u00fcr Pressearbeit und andere redaktionelle Zwecke verwendet werden. Die Nutzung f\u00fcr sonstige kommerzielle und nicht-kommerzielle Zwecke (Bildung, pers\u00f6nliche Information) ist zuvor beim DLR anzufragen.<\/p>\n<p><!-- \/wp:paragraph --><!-- wp:paragraph --><\/p>\n<p>Bestimmte Bilder\/Videos des DLR-Webportals stammen aus anderen Quellen. Bitte wenden Sie sich bez\u00fcglich der jeweiligen Nutzungsbedingungen dieser Bilder\/Videos an den Rechteinhaber.<\/p>\n<p><!-- \/wp:paragraph --><!-- wp:paragraph --><\/p>\n<p>Bestimmte Bilder\/Videos haben mehrere Rechteinhaber. In diesem Fall gelten regelm\u00e4\u00dfig die Nutzungsbedingungen der in der Quellenangabe genannten Rechteinhaber. In Zweifelsf\u00e4llen wenden Sie sich bitte an diesen. Diese Bilder\/Videos sind entsprechend gekennzeichnet.<\/p>\n<p><!-- \/wp:paragraph --><!-- wp:paragraph --><\/p>\n<p>Die Creative Commons-Lizenz erstreckt sich nicht auf das DLR-Logo und seine Bestandteile sowie weitere Elemente der DLR Corporate Identity wie beispielsweise die &#8222;Blaue Erde&#8220;. Das DLR-Logo darf nicht von Personen, die keine DLR-Mitarbeiter sind oder denen keine Nutzungserlaubnis des DLR vorliegt, genutzt werden.<\/p>\n<p><!-- \/wp:paragraph --><!-- wp:paragraph --><\/p>\n<p><strong>Bei Fragen zum DLR-Bildmaterial wenden Sie sich bitte an<\/strong><\/p>\n<p><!-- \/wp:paragraph --><!-- wp:paragraph --><\/p>\n<p>Deutsches Zentrum f\u00fcr Luft- und Raumfahrt e.V. (DLR)<br \/>Abteilung Kommunikation und Presse<br \/>Linder H\u00f6he<br \/>51147 K\u00f6ln<\/p>\n<p><!-- \/wp:paragraph --><!-- wp:paragraph --><\/p>\n<p>Postanschrift: 51170 K\u00f6ln<\/p>\n<p><!-- \/wp:paragraph --><!-- wp:paragraph --><\/p>\n<p>Telefon: +49 2203 601-2116<br \/>Telefax: +49 2203 601-3249<br \/>E-Mail:\u00a0bildredaktion [at] dlr.de<\/p>\n<p><!-- \/wp:paragraph --><!-- wp:heading --><!-- \/wp:paragraph --><\/p>\t\t\t\t\t\t\t\t<\/div>\n\t\t\t\t<\/div>\n\t\t\t\t<div class=\"elementor-element elementor-element-004fc0e elementor-widget elementor-widget-text-editor\" data-id=\"004fc0e\" data-element_type=\"widget\" data-widget_type=\"text-editor.default\">\n\t\t\t\t<div class=\"elementor-widget-container\">\n\t\t\t\t\t\t\t\t\t<!-- wp:heading --><!-- \/wp:paragraph --><!-- wp:heading -->\n<h2 class=\"wp-block-heading\">Er\u00adkl\u00e4\u00adrung zur Bar\u00adrie\u00adre\u00adfrei\u00adheit<\/h2>\n<!-- \/wp:heading --><!-- wp:paragraph -->\n<p><strong>Erkl\u00e4rung zur Barrierefreiheit<\/strong><\/p>\n<!-- \/wp:paragraph --><!-- wp:paragraph -->\n<p>Diese Erkl\u00e4rung zur Barrierefreiheit gilt f\u00fcr die unter www.kmu-beratung-luftfahrt.de ver\u00f6ffentlichten Website von Deutsches Zentrum f\u00fcr Luft und Raumfahrt e. V. (DLR).<\/p>\n<!-- \/wp:paragraph --><!-- wp:paragraph -->\n<p>Als \u00f6ffentliche Stelle des Bundes sind wir bem\u00fcht, unsere Websites und mobilen Anwendungen im Einklang mit den Bestimmungen des Behindertengleichstellungsgesetzes des Bundes (BGG) sowie der Barrierefreien-Informationstechnik-Verordnung (BITV 2.0) zur Umsetzung der Richtlinie (EU) 2016\/2102 barrierefrei zug\u00e4nglich zu machen.<\/p>\n<!-- \/wp:paragraph --><!-- wp:paragraph -->\n<p><strong>Stand der Vereinbarkeit mit den Anforderungen<\/strong><\/p>\n<!-- \/wp:paragraph --><!-- wp:paragraph -->\n<p>Die Anforderungen der Barrierefreiheit ergeben sich aus \u00a7\u00a7 3 Abs\u00e4tze 1 bis 4 und 4 der BITV 2.0, die auf der Grundlage von \u00a7 12d BGG erlassen wurde.<\/p>\n<!-- \/wp:paragraph --><!-- wp:paragraph -->\n<p>Die Website ist mit den zuvor genannten Anforderungen derzeit nicht vollst\u00e4ndig vereinbar.<\/p>\n<!-- \/wp:paragraph --><!-- wp:paragraph -->\n<p>Die Website wird aktuell hinsichtlich der Barrierefreiheit gepr\u00fcft. Wir bem\u00fchen uns, alle festgestellten Probleme der Zug\u00e4nglichkeit zu beheben.<\/p>\n<!-- \/wp:paragraph --><!-- wp:paragraph -->\n<p><strong>Datum der Erstellung bzw. der letzten Aktualisierung der Erkl\u00e4rung<\/strong><\/p>\n<!-- \/wp:paragraph --><!-- wp:paragraph -->\n<p>Diese Erkl\u00e4rung wurde am 13.11.2020 erstellt.<\/p>\n<!-- \/wp:paragraph --><!-- wp:paragraph -->\n<p><strong>Barrieren melden: Kontakt zu den Feedback Ansprechpartnern<\/strong><\/p>\n<!-- \/wp:paragraph --><!-- wp:paragraph -->\n<p>Sie m\u00f6chten uns bestehende Barrieren mitteilen oder Informationen zur Umsetzung der Barrierefreiheit erfragen? F\u00fcr Ihr Feedback sowie alle weiteren Informationen melden Sie sich gerne bei uns unter barrierefreiheit@dlr.de.<\/p>\n<!-- \/wp:paragraph --><!-- wp:paragraph -->\n<p><strong>Schlichtungsverfahren<\/strong><\/p>\n<!-- \/wp:paragraph --><!-- wp:paragraph -->\n<p>Wenn auch nach Ihrem Feedback an den oben genannten Kontakt keine zufriedenstellende L\u00f6sung gefunden wurde, k\u00f6nnen Sie sich an die Schlichtungsstelle nach \u00a7 16 BGG wenden. Die Schlichtungsstelle BGG hat die Aufgabe, bei Konflikten zum Thema Barrierefreiheit zwischen Menschen mit Behinderungen und \u00f6ffentlichen Stellen des Bundes eine au\u00dfergerichtliche Streitbeilegung zu unterst\u00fctzen. Das Schlichtungsverfahren ist kostenlos. Es muss kein Rechtsbeistand eingeschaltet werden. Weitere Informationen zum Schlichtungsverfahren und den M\u00f6glichkeiten der Antragstellung erhalten Sie unter: <a href=\"http:\/\/www.schlichtungsstelle-bgg.de\/\" target=\"_blank\" rel=\"noreferrer noopener\">www.schlichtungsstelle-bgg.de<\/a>.<\/p>\n<!-- \/wp:paragraph --><!-- wp:paragraph -->\n<p><br \/>Direkt kontaktieren k\u00f6nnen Sie die Schlichtungsstelle BGG unter <a href=\"mailto:info@schlichtungsstelle-bgg.de\" target=\"_blank\" rel=\"noreferrer noopener\">info@schlichtungsstelle-bgg.de<\/a>.<\/p>\n<!-- \/wp:paragraph -->\t\t\t\t\t\t\t\t<\/div>\n\t\t\t\t<\/div>\n\t\t\t\t<div class=\"elementor-element elementor-element-b7ade82 elementor-widget elementor-widget-spacer\" data-id=\"b7ade82\" data-element_type=\"widget\" data-widget_type=\"spacer.default\">\n\t\t\t\t<div class=\"elementor-widget-container\">\n\t\t\t\t\t\t\t<div class=\"elementor-spacer\">\n\t\t\t<div class=\"elementor-spacer-inner\"><\/div>\n\t\t<\/div>\n\t\t\t\t\t\t<\/div>\n\t\t\t\t<\/div>\n\t\t\t\t\t<\/div>\n\t\t\t\t<\/div>\n\t\t\t\t<\/div>\n\t\t","protected":false},"excerpt":{"rendered":"<p>Impressum gem. \u00a7 5 Digitale-Dienste-Gesetz und \u00a7 18 Abs. 2 Medienstaatsvertrag Deutsches Zentrum f\u00fcr Luft- und Raumfahrt e. V. (DLR)Linder H\u00f6he51147 K\u00f6ln Telefon: +49 2203 601-0Telefax: +49 2203 67310E-Mail: contact-dlr [at] dlr.deWWW: https:\/\/www.dlr.de Gesetzlicher Vertreter des DLR ist der Vorstand, bestehend aus Prof. Dr.-Ing. Anke Kaysser-Pyzalla (Vorsitzende des Vorstands), St\u00e9phane Beemelmans (Stellvertretender Vorsitzender des Vorstands), [&hellip;]<\/p>\n","protected":false},"author":1,"featured_media":0,"parent":0,"menu_order":0,"comment_status":"closed","ping_status":"closed","template":"","meta":{"site-sidebar-layout":"default","site-content-layout":"content-boxed-container","ast-site-content-layout":"default","site-content-style":"default","site-sidebar-style":"unboxed","ast-global-header-display":"","ast-banner-title-visibility":"","ast-main-header-display":"","ast-hfb-above-header-display":"","ast-hfb-below-header-display":"","ast-hfb-mobile-header-display":"","site-post-title":"disabled","ast-breadcrumbs-content":"","ast-featured-img":"","footer-sml-layout":"","theme-transparent-header-meta":"default","adv-header-id-meta":"","stick-header-meta":"default","header-above-stick-meta":"","header-main-stick-meta":"","header-below-stick-meta":"","astra-migrate-meta-layouts":"set","ast-page-background-enabled":"default","ast-page-background-meta":{"desktop":{"background-color":"","background-image":"","background-repeat":"repeat","background-position":"center center","background-size":"auto","background-attachment":"scroll","background-type":"","background-media":"","overlay-type":"","overlay-color":"","overlay-opacity":"","overlay-gradient":""},"tablet":{"background-color":"","background-image":"","background-repeat":"repeat","background-position":"center center","background-size":"auto","background-attachment":"scroll","background-type":"","background-media":"","overlay-type":"","overlay-color":"","overlay-opacity":"","overlay-gradient":""},"mobile":{"background-color":"","background-image":"","background-repeat":"repeat","background-position":"center center","background-size":"auto","background-attachment":"scroll","background-type":"","background-media":"","overlay-type":"","overlay-color":"","overlay-opacity":"","overlay-gradient":""}},"ast-content-background-meta":{"desktop":{"background-color":"var(--ast-global-color-5)","background-image":"","background-repeat":"repeat","background-position":"center center","background-size":"auto","background-attachment":"scroll","background-type":"","background-media":"","overlay-type":"","overlay-color":"","overlay-opacity":"","overlay-gradient":""},"tablet":{"background-color":"var(--ast-global-color-5)","background-image":"","background-repeat":"repeat","background-position":"center center","background-size":"auto","background-attachment":"scroll","background-type":"","background-media":"","overlay-type":"","overlay-color":"","overlay-opacity":"","overlay-gradient":""},"mobile":{"background-color":"var(--ast-global-color-5)","background-image":"","background-repeat":"repeat","background-position":"center center","background-size":"auto","background-attachment":"scroll","background-type":"","background-media":"","overlay-type":"","overlay-color":"","overlay-opacity":"","overlay-gradient":""}},"iawp_total_views":24,"footnotes":""},"class_list":["post-18","page","type-page","status-publish","hentry"],"publishpress_future_action":{"enabled":false,"date":"2026-05-08 15:43:45","action":"change-status","newStatus":"draft","terms":[],"taxonomy":"","extraData":[]},"publishpress_future_workflow_manual_trigger":{"enabledWorkflows":[]},"_links":{"self":[{"href":"https:\/\/www.kmu-beratung-luftfahrt.de\/index.php\/wp-json\/wp\/v2\/pages\/18","targetHints":{"allow":["GET"]}}],"collection":[{"href":"https:\/\/www.kmu-beratung-luftfahrt.de\/index.php\/wp-json\/wp\/v2\/pages"}],"about":[{"href":"https:\/\/www.kmu-beratung-luftfahrt.de\/index.php\/wp-json\/wp\/v2\/types\/page"}],"author":[{"embeddable":true,"href":"https:\/\/www.kmu-beratung-luftfahrt.de\/index.php\/wp-json\/wp\/v2\/users\/1"}],"replies":[{"embeddable":true,"href":"https:\/\/www.kmu-beratung-luftfahrt.de\/index.php\/wp-json\/wp\/v2\/comments?post=18"}],"version-history":[{"count":4,"href":"https:\/\/www.kmu-beratung-luftfahrt.de\/index.php\/wp-json\/wp\/v2\/pages\/18\/revisions"}],"predecessor-version":[{"id":2377,"href":"https:\/\/www.kmu-beratung-luftfahrt.de\/index.php\/wp-json\/wp\/v2\/pages\/18\/revisions\/2377"}],"wp:attachment":[{"href":"https:\/\/www.kmu-beratung-luftfahrt.de\/index.php\/wp-json\/wp\/v2\/media?parent=18"}],"curies":[{"name":"wp","href":"https:\/\/api.w.org\/{rel}","templated":true}]}}